sands digit of 291509?
1
What is the hundred thousands digit of 202129?
2
What is the millions digit of 2179791?
2
What is the tens digit of 254879?
7
What is the thousands digit of 421641?
1
What is the units digit of 574861?
1
What is the hundred thousands digit of 3042301?
0
What is the units digit of 137750?
0
What is the thousands digit of 44827?
4
What is the ten millions digit of 13097176?
1
What is the units digit of 1626827?
7
What is the ten thousands digit of 198675?
9
What is the thousands digit of 107353?
7
What is the millions digit of 8322875?
8
What is the tens digit of 5875690?
9
What is the hundreds digit of 447465?
4
What is the thousands digit of 14131460?
1
What is the hundreds digit of 1861901?
9
What is the units digit of 6155557?
7
What is the thousands digit of 12430523?
0
What is the millions digit of 1185455?
1
What is the thousands digit of 1787247?
7
What is the hundreds digit of 164958?
9
What is the tens digit of 6840150?
5
What is the thousands digit of 23260670?
0
What is the tens digit of 2122868?
6
What is the thousands digit of 19008562?
8
What is the tens digit of 3299260?
6
What is the hundreds digit of 963?
9
What is the hundreds digit of 101523?
5
What is the millions digit of 6115404?
6
What is the thousands digit of 359125?
9
What is the hundreds digit of 458016?
0
What is the ten thousands digit of 12444514?
4
What is the ten thousands digit of 2175228?
7
What is the tens digit of 960773?
7
What is the tens digit of 333398?
9
What is the ten thousands digit of 2694071?
9
What is the ten thousands digit of 689905?
8
What is the hundred thousands digit of 563514?
5
What is the hundred thousands digit of 4832554?
8
What is the ten thousands digit of 1295845?
9
What is the hundred thousands digit of 165010?
1
What is the units digit of 115604?
4
What is the hundred thousands digit of 235716?
2
What is the thousands digit of 2846028?
6
What is the hundreds digit of 1425466?
4
What is the hundred thousands digit of 563441?
5
What is the hundreds digit of 17239420?
4
What is the thousands digit of 11836946?
6
What is the tens digit of 295163?
6
What is the units digit of 277229?
9
What is the tens digit of 27597768?
6
What is the ten thousands digit of 211809?
1
What is the ten thousands digit of 163660?
6
What is the hundred thousands digit of 742698?
7
What is the ten thousands digit of 208527?
0
What is the tens digit of 298113?
1
What is the tens digit of 14204948?
4
What is the hundred thousands digit of 215905?
2
What is the units digit of 2099341?
1
What is the thousands digit of 8311925?
1
What is the ten millions digit of 10238382?
1
What is the units digit of 3287716?
6
What is the ten thousands digit of 607937?
0
What is the units digit of 1847815?
5
What is the thousands digit of 8573203?
3
What is the units digit of 114227?
7
What is the hundred thousands digit of 1730145?
7
What is the units digit of 16439863?
3
What is the units digit of 83547?
7
What is the hundred thousands digit of 687771?
6
What is the hundred thousands digit of 569480?
5
What is the units digit of 409114?
4
What is the ten thousands digit of 70577?
7
What is the hundreds digit of 6288981?
9
What is the hundred thousands digit of 2046013?
0
What is the tens digit of 42824?
2
What is the thousands digit of 29402437?
2
What is the tens digit of 26116098?
9
What is the hundreds digit of 3505448?
4
What is the hundreds digit of 343967?
9
What is the tens digit of 905124?
2
What is the ten thousands digit of 1308324?
0
What is the hundreds digit of 272702?
7
What is the ten thousands digit of 326063?
2
What is the tens digit of 1868681?
8
What is the thousands digit of 9667526?
7
What is the tens digit of 139119?
1
What is the hundreds digit of 3876280?
2
What is the hundred thousands digit of 8287857?
2
What is the hundreds digit of 1088540?
5
What is the tens digit of 501958?
5
What is the thousands digit of 249821?
9
What is the hundreds digit of 689635?
6
What is the hundreds digit of 359102?
1
What is the thousands digit of 410164?
0
What is the ten thousands digit of 74090?
7
What is the hundreds digit of 53219?
2
What is the hundreds digit of 175371?
3
What is the ten thousands digit of 276307?
7
What is the thousands digit of 3628406?
8
What is the ten thousands digit of 3685405?
8
What is the tens digit of 567575?
7
What is the ten thousands digit of 53761?
5
What is the thousands digit of 1667441?
7
What is the hundreds digit of 3978027?
0
What is the ten thousands digit of 8544269?
4
What is the thousands digit of 2297227?
7
What is the units digit of 35931336?
6
What is the ten thousands digit of 1114886?
1
What is the thousands digit of 32459?
2
What is the thousands digit of 219703?
9
What is the ten thousands digit of 32465532?
6
What is the units digit of 7479008?
8
What is the hundreds digit of 23724927?
9
What is the millions digit of 1600819?
1
What is the thousands digit of 13684264?
4
What is the thousands digit of 1064475?
4
What is the hundreds digit of 270990?
9
What is the ten millions digit of 13484186?
1
What is the hundreds digit of 1622920?
9
What is the thousands digit of 18022?
8
What is the thousands digit of 7216117?
6
What is the ten thousands digit of 2190087?
9
What is the hundred thousands digit of 377861?
3
What is the thousands digit of 4315117?
5
What is the units digit of 4785897?
7
What is the units digit of 279729?
9
What is the tens digit of 1417745?
4
What is the ten thousands digit of 858609?
5
What is the thousands digit of 935776?
5
What is the tens digit of 1647228?
2
What is the hundreds digit of 27723?
7
What is the tens digit of 68051?
5
What is the tens digit of 4248383?
8
What is the tens digit of 376549?
4
What is the hundreds digit of 660798?
7
What is the hundreds digit of 3062227?
2
What is the millions digit of 2227422?
2
What is the hundred thousands digit of 311663?
3
What is the tens digit of 534507?
0
What is the thousands digit of 3816696?
6
What is the hundred thousands digit of 917040?
9
What is the tens digit of 88526?
2
What is the millions digit of 4525179?
4
What is the hundreds digit of 94559?
5
What is the thousands digit of 1974485?
4
What is the tens digit of 336558?
5
What is the ten thousands digit of 95657?
9
What is the hundred thousands digit of 11503998?
5
What is the millions digit of 2947070?
2
What is the units digit of 3424049?
9
What is the hundred thousands digit of 655873?
6
What is the hundreds digit of 18289166?
1
What is the hundreds digit of 750500?
5
What is the ten thousands digit of 14044705?
4
What is the tens digit of 2225361?
6
What is the ten thousands digit of 9002072?
0
What is the hundreds digit of 25859865?
8
What is the thousands digit of 337821?
7
What is the tens digit of 42670378?
7
What is the tens digit of 16052091?
9
What is the hundred thousands digit of 237444?
2
What is the hundred thousands digit of 5805881?
8
What is the hundreds digit of 284789?
7
What is the thousands digit of 2853703?
3
What is the tens digit of 2146947?
4
What is the hundred thousands digit of 8835684?
8
What is the thousands digit of 4370650?
0
What is the tens digit of 15125?
2
What is the thousands digit of 1123340?
3
What is the hundreds digit of 16987238?
2
What is the tens digit of 2828398?
9
What is the ten thousands digit of 171822?
7
What is the ten thousands digit of 25515663?
1
What is the ten thousands digit of 96143?
9
What is the ten thousands digit of 4702029?
0
What is the units digit of 228713?
3
What is the millions digit of 9732284?
9
What is the hundred thousands digit of 4474609?
4
What is the tens digit of 116877?
7
What is the ten millions digit of 18671681?
1
What is the units digit of 1050634?
4
What is the units digit of 432846?
6
What is the units digit of 148171?
1
What is the hundred thousands digit of 18851051?
8
What is the hundreds digit of 8171737?
7
What is the thousands digit of 11044739?
4
What is the hundred thousands digit of 496671?
4
What is the tens digit of 12489137?
3
What is the units digit of 448168?
8
What is the millions digit of 1712174?
1
What is the ten thousands digit of 34231?
3
What is the tens digit of 9593574?
7
What is the ten thousands digit of 4099748?
9
What is the hundreds digit of